 3554. Suppose 3*y - 7275 = g. Is y a composite number?
False
Let i(f) = 5*f + 16*f**2 - 18*f**2 - 2*f - 4*f + 382*f**2 + 4. Is i(-3) composite?
True
Suppose -d + 4*s = 1, -s - 4 = -d - 2*s. Suppose 4*l - 3*l + d*p - 1793 = 0, 0 = 5*l + 5*p - 8985. Is l a prime number?
False
Suppose 10*u - 13363592 = -866622. Is u a composite number?
True
Suppose -60*y - 34*y = -6359758. Is y a prime number?
False
Suppose 6*t - 13766 = -51104. Let s = t - -13532. Is s a prime number?
True
Let p(f) = f + 6. Let k be p(0). Suppose 3*r - k = -2*u + 2*r, 0 = -r. Suppose 5*z = 4*z - u*b + 165, z - b - 181 = 0. Is z prime?
False
Let x = 17890 - 2170. Suppose x = 10*p - 12050. Is p composite?
False
Suppose 0 = -4*r - 16, -s + 3*r + 177 = 4*s. Is ((-20042)/s)/(1/(-3)) a prime number?
False
Let p be 21516/(-2) + (4 - (2 - 2)). Let z = -5005 - p. Is z prime?
True
Is ((-211)/(-5))/(91/123305) prime?
False
Suppose -10*a = -5*a - 4*p - 3236809, -4*p = 3*a - 1942047. Is a composite?
False
Suppose -2*y = 2*k - 444, -5*k + 360 + 531 = 4*y. Let s be (y/(-45))/(-1) + (-2)/(-15). Suppose s*c = 1584 + 1351. Is c composite?
False
Suppose 55*p - 73*p + 90 = 0. Suppose p*t = -t + 96762. Is t prime?
True
Suppose 109*s - 23490643 = 31588692. Is s prime?
False
Let q = -77489 - -146302. Is q a prime number?
True
Let w(j) = j**2 - 5*j - 83. Let q be w(-7). Is 3492/24*2*q*1 prime?
False
Let r be (-3)/((-15)/141835) - 3. Let u = r - 16221. Is u composite?
False
Let q(r) = r**3 - r**2 + 12*r + 77. Let s be q(0). Suppose -s*l - 2729 = -78*l. Is l a composite number?
False
Is 16/14 + 773706255/147 prime?
True
Let g(h) = 5017*h - 3576. Is g(61) composite?
True
Suppose 4*g = 4, -2*g + 7333 = 4*q + 2719. Suppose -2*f - q + 21307 = 0. Is f a prime number?
False
Let w = 465 + 60. Suppose w*a - 530*a + 1315 = 0. Is a composite?
False
Let w = -32 - -25. Let j be 2556/w + (-1)/(-7). Let f = -74 - j. Is f a composite number?
True
Suppose -30*v + 51 = -13*v. Suppose -v*n - 28*t + 18231 = -24*t, -18252 = -3*n + 3*t. Is n a composite number?
True
Suppose 3*p - f = 5081, 2*f = 4*p - 7542 + 766. Is p prime?
True
Suppose -137 = 4*a - 3*b, -3*a - 5*b - 59 = 51. Is 2890 + -5*28/a a prime number?
False
Let p = -298099 - -684318. Is p composite?
False
Let b(f) = 72*f - 37. Let r be b(-10). Let z = r + 1971. Is z a prime number?
False
Let f(r) = 43*r**2 + 7*r + 7. Let g be f(-8). Suppose -g = -10*w + 6307. Is w composite?
True
Suppose 25*c - 23*c + y - 221595 = 0, -3*y = -4*c + 443165. Is c composite?
True
Suppose 0 = 11*i - 4*i + 35. Let y be -30*((-44)/i + 0). Let o = y + 875. Is o prime?
False
Suppose 4*p + 60318 = o - 5160, 0 = 3*o + 5*p - 196519. Is o a prime number?
False
Let t = 4469 - -11195. Suppose -t - 120 = -8*q. Is q a composite number?
False
Suppose -2*k - 6 = -2*l, -7*k - 6 = 1. Suppose -5*s - 1260 = -2*r, -l*r - 2*r - 3*s = -2546. Is r prime?
False
Let g(j) = -52*j + 1. Let o(u) = -104*u + 8. Let i(p) = -7*g(p) + 3*o(p). Is i(23) a composite number?
False
Suppose 8 = -4*q - 4. Is (-12)/(-8)*(-3086)/q a composite number?
False
Let j(g) = 9800*g + 859. Is j(68) a prime number?
False
Let d(i) = 9146*i**2 - 61*i - 291. Is d(-8) composite?
True
Let w = 359 + -357. Suppose -5997 = -s + w*g, -14253 = -3*s + g + 3758. Is s a composite number?
True
Is 2/(-4 - (-831582)/207891) a prime number?
True
Let q(b) = -b - 1. Let h(f) = -19*f + 10. Let o(z) = h(z) + 3*q(z). Is o(-7) a composite number?
True
Suppose -2*q - 12 = -28. Suppose 6*d - 80 = -q. Suppose 3*r - 2643 = -d. Is r composite?
False
Let a(j) = 12*j**2 + 3*j + 8. Let b be a(-5). Suppose 5*q = -b + 1408. Let p = q + 26. Is p a composite number?
True
Suppose -46*p - 2*p + 1802752 = -5124464. Is p a prime number?
False
Is (-1070900)/(-14) + (-24)/(-168) composite?
False
Suppose 38*o = 29*o + 18. Suppose -5*b = 6*p - 11*p + 7430, -10 = o*b. Is p prime?
True
Let r be 543831/57 + 6/57. Suppose -459 = 19*q - r. Is q a prime number?
False
Is 6*(8568829/(-133))/((-30)/35) prime?
True
Let g be ((-406)/4 - 8/(-8))*-274. Suppose 8*q = g + 24631. Is q prime?
True
Suppose 4*a - 17 = -1, -5*h = -2*a - 150007. Suppose 6*l - 35811 = h. Is l a prime number?
False
Let w(s) = 16696*s - 45. Is w(6) a composite number?
True
Suppose -7*r + 13 = 55, r - 813 = 3*s. Let w be 2/(-6) + 313/3. Let f = w - s. Is f prime?
False
Suppose 0 = -5*z - 5*q + 970640, -31*q + 33*q + 776530 = 4*z. Is z composite?
True
Suppose -10*z = -14*z + 29564. Let j = z - 900. Is j a prime number?
True
Suppose -4*t - t + 54533 = 2*h, -3*h + 4*t = -81834. Let w = 38213 - h. Is w composite?
False
Let j = -96 - -100. Is j/36 - (-2330)/9 a prime number?
False
Let p = 2057 - 104. Suppose -2 + 4 = i, -v + 4*i + p = 0. Is v a composite number?
True
Let w(s) = 82*s + 3. Let r(q) = q**2 - 11*q + 4. Let v be r(11). Suppose 2*f - 3 = -4*m + 3, -f - 3*m + v = 0. Is w(f) composite?
True
Suppose 15809854 + 4462307 = 39*x. Is x prime?
False
Let m(a) = 1512*a**2 + 131*a - 843. Is m(8) a composite number?
False
Let x(l) = 24*l**3 + 5*l**2 - 10*l + 34. Suppose 0 = -t + 2*p - 11 + 22, 14 = 4*t + 2*p. Is x(t) a composite number?
False
Let v = -7682 - -13223. Is v a prime number?
False
Suppose -312386 + 993812 + 543533 = 37*f. Is f a composite number?
False
Suppose -5*b - 48*c + 1322995 = -43*c, -3*b + 2*c = -793797. Is b a composite number?
False
Let w = 11959 - 686. Is w a prime number?
True
Let h(n) be the first derivative of 28*n**3 - n**2/2 + 133*n + 93. Is h(8) composite?
False
Suppose 4*b = 21 + 3. Suppose 0 = b*j + 2222 + 11626. Is 1/((-8)/j)*(-1 - -3) a prime number?
True
Let j = 55 - 54. Let u be (-1)/9 - j/((-18)/(-52)). Is (10760/(-16))/(u/6*1) prime?
False
Let d(t) = 30*t**2 + 31*t + 134. Is d(-21) a prime number?
True
Is 125921125/748 + -1*(-3)/(-4) composite?
True
Let t(u) = -34338*u + 8461. Is t(-9) a composite number?
False
Suppose -13128 = -5*c + 2*u, 6*c - 10516 = 2*c + 5*u. Let j = -457 + c. Is j a composite number?
True
Let o(u) = 679*u**2 + 2*u + 3 + 705*u**2 + 0. Suppose -4*a = 4*n + 8, 23 - 22 = 3*a - 4*n. Is o(a) a prime number?
False
Suppose -2*t + 5*s - 11 = 0, 5 = -2*t + 6*s - 3*s. Suppose -11*q + 3753 = -t*q. Suppose -q = -2*r + 401. Is r composite?
False
Let w(f) = 8*f**3 + 2*f**2 - 4*f + 472385. Is w(0) composite?
True
Let f(t) = -3*t + 12. Let g be f(9). Let y be (-14)/35 + (-126)/g. Suppose -6*n = -y*n + 606. Is n prime?
False
Suppose 5*p - 24*p = -114. Suppose p*s - 41115 = s. Is s composite?
True
Let w be -1*(-100)/15 - (-8)/6. Is -257*((-1016)/w - 4) a composite number?
True
Let z(v) = v**2 - 3*v - 3327. Let j(k) = -k**2 + 3*k + 3326. Let f(u) = -5*j(u) - 6*z(u). Let a be f(0). Suppose a + 619 = 3*t. Is t composite?
True
Suppose -5*b + 5*x + 17135 = 0, -14*b + 3*x + 43365 = -4679. Is b a prime number?
True
Let h(d) = 67*d + 52. Let u be h(5). Let y be (u/7 - 0) + (-58)/203. Let g = y - -84. Is g composite?
False
Is (2*(0 - -1))/(1 + (-2700180)/2700220) a prime number?
False
Suppose 4*q - 253 + 85 = 0. Suppose q*g + 8 = 40*g. Is (14/g)/(2/(-92)) composite?
True
Let r = 2016 + 2027. Is r composite?
True
Let w be 11/(132/(-3704))*33. Let a = -2359 - w. Is a prime?
False
Suppose 182*x + 6845940 = 27848194. Is x a composite number?
True
Suppose 9*z - 42 = -5*z. Let w(g) = 13*g**3 - 3*g**2 + 2*g + 5. Is w(z) a prime number?
False
Let v be 8808/20*(33/6 + -3). Let c = 4310 - v. Is c prime?
True
Suppose -3*l - 2*l - 3*y + 320 = 0, -y - 5 = 0. Let p = l - -9. Let o = 134 - p. Is o a prime number?
False
Suppose 489 = -3*n - 4995. Let d = 98 - -2481. Let r = n + d. Is r prime?
True
Suppose -1271*p + 1222*p + 8360135 = 0. Is p composite?
True
Let c(s) = s**3 - 5*s**2 - 6*s + 5. Let h be c(6). Let x be 14/8 + (-159)/(-636). Suppose 3470 = x*o + 2*w + 2*w, 2*o = -h*w + 3474. Is o composite?
True
Let u be ((-3)/(-6))/((-8)/48). Suppose 5*r = -5*l + 11305, 0 = -3*l + l - r + 4520. Is l/(-3)*1/u a composite number?
False
Let y = 1249 + 191. Let l = y + -811. Is l a composite number?
True
Let w(j) = 56*j**3 + 2*j**2 + j - 8. Let b be w(2). Let i = -233 + b. Is i composite?
True
Suppose -20*f = -1254393 - 5113147. Is f prime?
True
Let n = 8 - -21. Let p = 34 - n. Suppose -p*c - 1064 = -2*i, -2*i + 3*c - 543 = -3*i. Is i prime?
False
Let g = 81 + -70. Let k = -13 + g. Is (((-1)/k)/1)/((-32)/(-39808)